t n be ((-3)/2)/((-1)/12). Suppose -3*q = -4*q + n. Suppose -2*g + 5*g - q = 0. What is the units digit of g?
6
Suppose -2*z - 2*z + 48 = 0. Suppose -11*l + z = -7*l. What is the units digit of l?
3
Let f = -64 - -146. What is the units digit of f?
2
Let r(f) = -f**2 - 5*f + 6. Let c be (-9)/3 + 1*-3. Let h be r(c). Let v = 7 + h. What is the units digit of v?
7
Suppose -3*s - 3 = -2*s, 5*f = 4*s + 12. What is the units digit of f + (3 - (-2 - -1))?
4
Let i(r) = -r + 6. Let k(u) = -u**2 - 2*u - 1. Let d be k(-4). Let f = 3 + d. What is the units digit of i(f)?
2
Let x(i) = i + 16. Let g = 10 + -5. Suppose g*b - b = 0. What is the units digit of x(b)?
6
Suppose 4*u - s = 57, -3*s + 53 = -0*u + 4*u. What is the units digit of u + 2*2/(-4)?
3
Let s = 1 - 1. Let h = 1 + s. What is the units digit of h?
1
Suppose 4*k + n = -n - 10, 3*n = 2*k + 1. What is the tens digit of ((-1)/k)/(3/66)?
1
Let s be 238/(-18) + 2/9. Let v = 21 + s. What is the units digit of v?
8
Let t be (-3)/((9/12)/1). Let l be 1/t + (-18)/(-8). Suppose 11 = l*u - d, -3*u + u = -2*d - 14. What is the units digit of u?
4
Let y be 0/(3 - (-2 + 4)). Suppose y = -5*f - m + 19, 3*m - 13 = f - 5*f. What is the units digit of f?
4
Let y be (-20)/(-5)*1/1. Suppose 7*a - 2*a - 36 = -y*f, f - a = 0. What is the units digit of f?
4
Let n(g) = 6*g + 18. What is the units digit of n(5)?
8
What is the units digit of (-1)/(-5)*(-2180)/(-4)?
9
Let w(u) = 22*u**2 + 22*u - 5. What is the units digit of w(-4)?
9
Let c = -37 + 52. What is the tens digit of c?
1
What is the tens digit of 212 - (-6)/3 - -4?
1
Let a(g) = -g**2 - 9*g. Let n = -15 + 7. What is the units digit of a(n)?
8
Let n = -11 + 56. What is the tens digit of n?
4
Let i(z) = -26*z + 37. What is the hundreds digit of i(-7)?
2
What is the tens digit of (-548)/(-7) + 1/(21/(-6))?
7
What is the hundreds digit of (-218)/(-1 - ((-20)/(-8))/(-5))?
4
Let l be -1 - (3 + -4 + 0). What is the units digit of 0 + 2 + (-1 - l)?
1
Let h = -6 + 7. Suppose -4*s - h = -13. Let n(l) = -l**3 + 4*l**2 - 2*l. What is the units digit of n(s)?
3
Let n be ((-2)/3)/((-10)/(-15)). Let k(c) = -c. Let l be k(5). Let u = n - l. What is the units digit of u?
4
Let j(c) = 187*c**2 + 7*c - 6. What is the hundreds digit of j(1)?
1
Suppose x - 5*c - 56 = 0, 0 = 3*x - 2*x + 2*c - 91. What is the units digit of x?
1
Suppose 4*u - 122 = 42. Suppose 12 = -3*k, 2*k + 0*k = 3*q - u. What is the tens digit of q?
1
Suppose 9*c = 4*c + 4*f + 3, -4*c = 2*f - 18. Let s = c - 2. What is the units digit of -3 + s - (-3 + 0)?
1
Suppose -3 = -2*s - 3*n - 7, 0 = -5*n. Let x be 3*(s + 1) - -3. Suppose x = r - 0*r - 1. What is the units digit of r?
1
Let k(t) = -t**3 + t**2 + t - 1. Let f be k(1). Suppose 5*s + 9 - 34 = f. What is the units digit of s?
5
Let n = 5 + -2. Suppose -2*h - 10 = -n*h. What is the tens digit of h?
1
Let o(p) = -p**3 + 8*p**2 - 6*p - 4. What is the units digit of o(7)?
3
Let o(h) = h**2 + 2*h + 1. What is the tens digit of o(6)?
4
Let s be ((-3)/(-9))/(1/3). Suppose -4*m = 2*f - s - 3, -m = 1. Suppose -f*w - 2*y = -62, -y + 33 = 2*w + 2*y. What is the units digit of w?
5
Let c(f) = 4*f + 58. What is the tens digit of c(9)?
9
Let y be (-1)/4 - 637/(-52). What is the units digit of -3 + (y/2 - -3)?
6
Suppose 15*r - 6*r - 1899 = 0. What is the tens digit of r?
1
Suppose -4*h = -8*h + 900. What is the units digit of h?
5
What is the units digit of (8/6)/((-5)/(-180))?
8
Let l = 43 + -31. Suppose -2 = -2*v + l. What is the units digit of v?
7
Suppose -2*w + 46 = -8. What is the units digit of w?
7
Let v(p) = p**3 - 6*p**2 + 4*p + 7. Let i be v(5). Suppose -2*s - i = 2. What is the units digit of s/(-7) - (-26)/7?
4
Suppose -5*r + 4*w + 156 = -39, -2*r - w = -91. What is the units digit of r?
3
Let o(i) = 4*i - 4. Let q(d) = -11*d + 12. Let a(v) = 7*o(v) + 2*q(v). What is the units digit of a(3)?
4
Suppose -5*s + 55 + 95 = 0. What is the tens digit of s?
3
Suppose -46 = 7*r - 8*r. What is the tens digit of r?
4
Let t be 1/(-3) + 106/(-6). Let s be (-24)/(-16) - 3/(-2). What is the units digit of (-2)/s + (-48)/t?
2
Let r(m) = m**2 + m - 1. Let l be r(-3). Suppose w + 26 = -l*s + 128, 4*s - 3*w = 93. What is the tens digit of s?
2
Let m(s) = -s**3 + s**2 - 1. Let b(r) = 2*r**3 + 2*r + 0*r - 5*r**2 + 3 - 2*r. Let o(d) = b(d) + 3*m(d). What is the units digit of o(-3)?
9
Suppose -170 = -2*s + 70. What is the units digit of s?
0
Let o be (-7)/14 + (-1426)/4. What is the units digit of (-2)/7 - o/49?
7
Let r(k) = -29*k + 4. Let b be r(2). What is the units digit of 3/(6/(-4)) - b?
2
Suppose -2*o - 4*l + 3*l - 3 = 0, 0 = -4*o + l - 15. What is the tens digit of (o + 3 - -33) + 2?
3
What is the units digit of 2/(-3) + 520/78?
6
Suppose -3*m = -m - 2*o + 2, 3*o = 0. Let f = m - -1. Suppose f = g + 3*g - 56. What is the tens digit of g?
1
Suppose -k = -0*k - 9. What is the tens digit of 6/k*(41 - -1)?
2
Suppose -5*s = -3*n + 398 - 140, 3*n + 5*s - 228 = 0. What is the tens digit of n?
8
Suppose 0 = -t + 3*x + 25, 84 = 4*t + x - 5*x. What is the units digit of t?
9
Suppose -24 = -2*q - q. Let v = -5 + q. Suppose -5*j = -2*z + 1, v*z + 5*j - 7 = 4*z. What is the units digit of z?
8
Suppose 0 = -9*n + 4*n. Suppose 0 = 5*i - n*i - 55. What is the units digit of i?
1
Let q = 3 - 5. Let i be (0 - -12)*q/(-6). Suppose -h + 2 = -i. What is the units digit of h?
6
Suppose 0 = 2*h + 4 - 0. What is the units digit of h*-6*4/16?
3
Let u be (-304)/6 + 10/15. Let q be u/(-3)*3*-1. Let r = q + 71. What is the tens digit of r?
2
Suppose -5*o + 2*y + 17 = -31, 4*o + 3*y = 20. Suppose -o*s + 3*s = 5, 0 = 3*u - 5*s - 8. What is the units digit of u?
1
What is the units digit of ((-6)/4)/(-3*5/570)?
7
Suppose 0*u + 5*u + 5*m - 5 = 0, -8 = -3*u + 2*m. Let n be 1*-1 + (5 - u). Let i = n + 2. What is the units digit of i?
4
Let m(h) = 12*h + 2. Suppose 0 = -9*o + 6*o + 9. What is the tens digit of m(o)?
3
Let s(q) = -8*q + 3. Let y be s(-5). Suppose -4*h = -65 - y. Suppose t = 2*k + 2, -4*t + k - h = -63. What is the units digit of t?
0
Let l = -22 - -76. What is the tens digit of l?
5
Let t = 315 - 93. What is the units digit of t?
2
Let p = -359 + 553. What is the units digit of p?
4
Suppose -n = 3*n - 64. Suppose 38 = 3*m - n. What is the tens digit of m?
1
Suppose -5*w = 4*l - 210 - 230, -5*w + 440 = l. What is the units digit of w?
8
Suppose 2*s + 2*s + 5 = -3*w, -5*w = -3*s + 18. Let r be (-1*2 + 34)*s. Suppose -3*q - 26 = -4*u, 0 = -2*u - 3*q - 10 + r. What is the units digit of u?
8
Let h be (-82)/(-4) - 6/(-12). Suppose -3*c + 0*c = -h. What is the units digit of c?
7
What is the tens digit of ((0/(-4))/(-1) + 3)*37?
1
Suppose -4*a = -6 - 6. Suppose l - 12 - 35 = a*y, 0 = 2*l + 2*y - 62. Suppose -3*z - 2*h = -8 - 0, h = 5*z - l. What is the units digit of z?
6
Let f = 3 - 1. Let k be f/(-4)*-8*2. Suppose d + k = 3*d. What is the units digit of d?
4
Let y be (6/(-2))/((-9)/6). Let u(z) = -z**3 - 8*z**2 + z + 11. Let c be u(-8). Let i = c - y. What is the units digit of i?
1
What is the tens digit of 2 + 89/3 + 1/3?
3
Suppose -2*s - 35 = -7*s. Suppose 2*w - w = 13. Let b = w - s. What is the units digit of b?
6
Suppose 4*c + l + 67 = 0, 0 = 2*c - 0*l - 4*l + 20. Let u be ((-33)/2 + 2)*-2. Let f = u + c. What is the tens digit of f?
1
Let y(d) = -d**2 - 5*d + 6. Let r be y(-6). What is the units digit of 2 - r - (1 + -2)?
3
What is the units digit of 2/3*78/4?
3
Let y = 8 - 8. Suppose i + y*s = -s + 8, 2*i - s = 7. What is the units digit of i?
5
Let y = 133 - 70. What is the tens digit of y?
6
Suppose -2*r + 1 + 47 = 0. Suppose -u - r = -4*u. What is the units digit of u?
8
Let l(x) be the third derivative of 0*x + 0 - 1/60*x**5 - 1/2*x**3 - 2*x**2 - 1/3*x**4. What is the units digit of l(-6)?
9
Suppose 0 = 4*p - 2*p - 4*k - 48, -72 = -3*p - 5*k. What is the units digit of 50/8 - 6/p?
6
Suppose -20 = -4*y, 0 = h - 4*y + 3*y - 42. What is the tens digit of h?
4
Let g = 49 - 1. What is the units digit of g?
8
Suppose 0 = -u - 4*i - 25, u - 3*u - 4*i - 58 = 0. What is the units digit of 6/21 - u/7?
5
Suppose -48 = 2*f - 4*z, -3*f - f + 2*z = 66. Let o = 23 + f. What is the units digit of o?
9
Let m(s) = s**2 + s + 34. What is the units digit of m(0)?
4
Suppose 0 = i + i - 6. Suppose 26 =